[INFO] cloning repository https://github.com/tioover/sansa
[INFO] running `Command { std: "git" "-c" "credential.helper=" "-c" "credential.helper=/workspace/cargo-home/bin/git-credential-null" "clone" "--bare" "https://github.com/tioover/sansa" "/workspace/cache/git-repos/https%3A%2F%2Fgithub.com%2Ftioover%2Fsansa", kill_on_drop: false }`
[INFO] [stderr] Cloning into bare repository '/workspace/cache/git-repos/https%3A%2F%2Fgithub.com%2Ftioover%2Fsansa'...
[INFO] running `Command { std: "git" "rev-parse" "HEAD", kill_on_drop: false }`
[INFO] [stdout] c143048751bab392670933475d0a56e0ebc950cd
[INFO] checking tioover/sansa against master#af3c6e733a40e671550e0f0f5aeecaa13772ba56 for pr-74989
[INFO] running `Command { std: "git" "clone" "/workspace/cache/git-repos/https%3A%2F%2Fgithub.com%2Ftioover%2Fsansa" "/workspace/builds/worker-8/source", kill_on_drop: false }`
[INFO] [stderr] Cloning into '/workspace/builds/worker-8/source'...
[INFO] [stderr] done.
[INFO] validating manifest of git repo https://github.com/tioover/sansa on toolchain af3c6e733a40e671550e0f0f5aeecaa13772ba56
[INFO] running `Command { std: "/workspace/cargo-home/bin/cargo" "+af3c6e733a40e671550e0f0f5aeecaa13772ba56" "read-manifest" "--manifest-path" "Cargo.toml", kill_on_drop: false }`
[INFO] started tweaking git repo https://github.com/tioover/sansa
[INFO] removed path dependency engine from git repo https://github.com/tioover/sansa
[INFO] finished tweaking git repo https://github.com/tioover/sansa
[INFO] tweaked toml for git repo https://github.com/tioover/sansa written to /workspace/builds/worker-8/source/Cargo.toml
[INFO] crate git repo https://github.com/tioover/sansa already has a lockfile, it will not be regenerated
[INFO] running `Command { std: "/workspace/cargo-home/bin/cargo" "+af3c6e733a40e671550e0f0f5aeecaa13772ba56" "fetch" "--locked" "--manifest-path" "Cargo.toml", kill_on_drop: false }`
[INFO] [stderr] warning: dependency (engine) specified without providing a local path, Git repository, or version to use. This will be considered an error in future versions
[INFO] [stderr] warning: unused manifest key: profile.dev.codegen_units
[INFO] [stderr]     Blocking waiting for file lock on package cache
[INFO] [stderr]     Updating crates.io index
[INFO] [stderr] error: the lock file /workspace/builds/worker-8/source/Cargo.lock needs to be updated but --locked was passed to prevent this
[INFO] [stderr] If you want to try to generate the lock file without accessing the network, use the --offline flag.
[INFO] the lockfile is outdated, regenerating it
[INFO] running `Command { std: "/workspace/cargo-home/bin/cargo" "+af3c6e733a40e671550e0f0f5aeecaa13772ba56" "generate-lockfile" "--manifest-path" "Cargo.toml" "-Zno-index-update", kill_on_drop: false }`
[INFO] [stderr]     Blocking waiting for file lock on package cache
[INFO] running `Command { std: "/workspace/cargo-home/bin/cargo" "+af3c6e733a40e671550e0f0f5aeecaa13772ba56" "fetch" "--locked" "--manifest-path" "Cargo.toml", kill_on_drop: false }`
[INFO] [stderr] warning: dependency (engine) specified without providing a local path, Git repository, or version to use. This will be considered an error in future versions
[INFO] [stderr] warning: unused manifest key: profile.dev.codegen_units
[INFO] [stderr]     Blocking waiting for file lock on package cache
[INFO] running `Command { std: "docker" "create" "-v" "/var/lib/crater-agent-workspace/builds/worker-8/target:/opt/rustwide/target:rw,Z" "-v" "/var/lib/crater-agent-workspace/builds/worker-8/source:/opt/rustwide/workdir:ro,Z" "-v" "/var/lib/crater-agent-workspace/cargo-home:/opt/rustwide/cargo-home:ro,Z" "-v" "/var/lib/crater-agent-workspace/rustup-home:/opt/rustwide/rustup-home:ro,Z" "-e" "SOURCE_DIR=/opt/rustwide/workdir" "-e" "CARGO_TARGET_DIR=/opt/rustwide/target" "-e" "CARGO_HOME=/opt/rustwide/cargo-home" "-e" "RUSTUP_HOME=/opt/rustwide/rustup-home" "-w" "/opt/rustwide/workdir" "-m" "1610612736" "--user" "0:0" "--network" "none" "rustops/crates-build-env@sha256:d92eaeed33fa75130ca1ee6c8a01d1ffb62bac859dfdfb3450e3e5d1c0146529" "/opt/rustwide/cargo-home/bin/cargo" "+af3c6e733a40e671550e0f0f5aeecaa13772ba56" "metadata" "--no-deps" "--format-version=1", kill_on_drop: false }`
[INFO] [stdout] de78fcf56c1ef3b8f483b75931eecd052b6423bd472c0484ac49693e656a0c71
[INFO] [stderr] WARNING: Your kernel does not support swap limit capabilities or the cgroup is not mounted. Memory limited without swap.
[INFO] running `Command { std: "docker" "start" "-a" "de78fcf56c1ef3b8f483b75931eecd052b6423bd472c0484ac49693e656a0c71", kill_on_drop: false }`
[INFO] running `Command { std: "docker" "inspect" "de78fcf56c1ef3b8f483b75931eecd052b6423bd472c0484ac49693e656a0c71", kill_on_drop: false }`
[INFO] running `Command { std: "docker" "rm" "-f" "de78fcf56c1ef3b8f483b75931eecd052b6423bd472c0484ac49693e656a0c71", kill_on_drop: false }`
[INFO] [stdout] de78fcf56c1ef3b8f483b75931eecd052b6423bd472c0484ac49693e656a0c71
[INFO] running `Command { std: "docker" "create" "-v" "/var/lib/crater-agent-workspace/builds/worker-8/target:/opt/rustwide/target:rw,Z" "-v" "/var/lib/crater-agent-workspace/builds/worker-8/source:/opt/rustwide/workdir:ro,Z" "-v" "/var/lib/crater-agent-workspace/cargo-home:/opt/rustwide/cargo-home:ro,Z" "-v" "/var/lib/crater-agent-workspace/rustup-home:/opt/rustwide/rustup-home:ro,Z" "-e" "SOURCE_DIR=/opt/rustwide/workdir" "-e" "CARGO_TARGET_DIR=/opt/rustwide/target" "-e" "CARGO_INCREMENTAL=0" "-e" "RUST_BACKTRACE=full" "-e" "RUSTFLAGS=--cap-lints=forbid" "-e" "CARGO_HOME=/opt/rustwide/cargo-home" "-e" "RUSTUP_HOME=/opt/rustwide/rustup-home" "-w" "/opt/rustwide/workdir" "-m" "1610612736" "--user" "0:0" "--network" "none" "rustops/crates-build-env@sha256:d92eaeed33fa75130ca1ee6c8a01d1ffb62bac859dfdfb3450e3e5d1c0146529" "/opt/rustwide/cargo-home/bin/cargo" "+af3c6e733a40e671550e0f0f5aeecaa13772ba56" "check" "--frozen" "--all" "--all-targets" "--message-format=json", kill_on_drop: false }`
[INFO] [stdout] 751bc0e11e42561668f41f868cb3b006f07e1b9fd452ab751eef64e769417871
[INFO] [stderr] WARNING: Your kernel does not support swap limit capabilities or the cgroup is not mounted. Memory limited without swap.
[INFO] running `Command { std: "docker" "start" "-a" "751bc0e11e42561668f41f868cb3b006f07e1b9fd452ab751eef64e769417871", kill_on_drop: false }`
[INFO] [stderr] warning: dependency (engine) specified without providing a local path, Git repository, or version to use. This will be considered an error in future versions
[INFO] [stderr] warning: unused manifest key: profile.dev.codegen_units
[INFO] [stderr]    Compiling libc v0.2.77
[INFO] [stderr]     Checking cfg-if v0.1.10
[INFO] [stderr]     Checking lazy_static v1.4.0
[INFO] [stderr]    Compiling log v0.4.11
[INFO] [stderr]    Compiling xml-rs v0.8.3
[INFO] [stderr]    Compiling byteorder v1.3.4
[INFO] [stderr]    Compiling bitflags v1.2.1
[INFO] [stderr]    Compiling maybe-uninit v2.0.0
[INFO] [stderr]    Compiling proc-macro2 v0.4.30
[INFO] [stderr]     Checking scopeguard v1.1.0
[INFO] [stderr]    Compiling khronos_api v3.1.0
[INFO] [stderr]    Compiling unicode-xid v0.2.1
[INFO] [stderr]    Compiling nix v0.14.1
[INFO] [stderr]    Compiling syn v1.0.41
[INFO] [stderr]     Checking void v1.0.2
[INFO] [stderr]     Checking slab v0.4.2
[INFO] [stderr]    Compiling pkg-config v0.3.18
[INFO] [stderr]    Compiling proc-macro-hack v0.5.18
[INFO] [stderr]     Checking downcast-rs v1.2.0
[INFO] [stderr]     Checking lzw v0.10.0
[INFO] [stderr]     Checking same-file v1.0.6
[INFO] [stderr]     Checking either v1.6.0
[INFO] [stderr]     Checking smallvec v1.4.2
[INFO] [stderr]     Checking xdg v2.2.0
[INFO] [stderr]     Checking color_quant v1.0.1
[INFO] [stderr]    Compiling typenum v1.12.0
[INFO] [stderr]    Compiling crc32fast v1.2.0
[INFO] [stderr]     Checking rustc-demangle v0.1.16
[INFO] [stderr]    Compiling failure_derive v0.1.8
[INFO] [stderr]     Checking percent-encoding v2.1.0
[INFO] [stderr]     Checking instant v0.1.6
[INFO] [stderr]    Compiling const_fn v0.4.2
[INFO] [stderr]     Checking rand_core v0.4.2
[INFO] [stderr]     Checking scoped_threadpool v0.1.9
[INFO] [stderr]     Checking fnv v1.0.7
[INFO] [stderr]     Checking takeable-option v0.5.0
[INFO] [stderr]     Checking bytemuck v1.4.1
[INFO] [stderr]     Checking uuid v0.8.1
[INFO] [stderr]    Compiling num-traits v0.2.12
[INFO] [stderr]    Compiling num-integer v0.1.43
[INFO] [stderr]    Compiling crossbeam-utils v0.7.2
[INFO] [stderr]    Compiling memoffset v0.5.5
[INFO] [stderr]    Compiling crossbeam-epoch v0.8.2
[INFO] [stderr]    Compiling num-iter v0.1.41
[INFO] [stderr]    Compiling rayon v1.4.0
[INFO] [stderr]    Compiling miniz_oxide v0.4.2
[INFO] [stderr]    Compiling num-bigint v0.3.0
[INFO] [stderr]    Compiling num-rational v0.3.0
[INFO] [stderr]    Compiling num-complex v0.2.4
[INFO] [stderr]    Compiling num-rational v0.2.4
[INFO] [stderr]    Compiling libloading v0.6.3
[INFO] [stderr]     Checking miniz_oxide v0.3.7
[INFO] [stderr]     Checking inflate v0.3.4
[INFO] [stderr]    Compiling standback v0.2.10
[INFO] [stderr]    Compiling time v0.2.19
[INFO] [stderr]     Checking lock_api v0.3.4
[INFO] [stderr]     Checking walkdir v2.3.1
[INFO] [stderr]    Compiling libloading v0.5.2
[INFO] [stderr]     Checking gif v0.9.2
[INFO] [stderr]     Checking gif v0.10.3
[INFO] [stderr]     Checking rand_core v0.3.1
[INFO] [stderr]    Compiling proc-macro2 v1.0.21
[INFO] [stderr]    Compiling x11-dl v2.18.5
[INFO] [stderr]     Checking dlib v0.4.2
[INFO] [stderr]    Compiling gl_generator v0.14.0
[INFO] [stderr]     Checking wayland-sys v0.23.6
[INFO] [stderr]    Compiling paste-impl v0.1.18
[INFO] [stderr]     Checking stb_truetype v0.3.1
[INFO] [stderr]     Checking deflate v0.7.20
[INFO] [stderr]     Checking deflate v0.8.6
[INFO] [stderr]     Checking tiff v0.5.0
[INFO] [stderr]    Compiling quote v1.0.7
[INFO] [stderr]     Checking crossbeam-channel v0.4.4
[INFO] [stderr]    Compiling quote v0.6.13
[INFO] [stderr]     Checking net2 v0.2.35
[INFO] [stderr]     Checking iovec v0.1.4
[INFO] [stderr]     Checking num_cpus v1.13.0
[INFO] [stderr]     Checking getrandom v0.1.15
[INFO] [stderr]     Checking memmap v0.7.0
[INFO] [stderr]     Checking parking_lot_core v0.7.2
[INFO] [stderr]     Checking backtrace v0.3.50
[INFO] [stderr]     Checking raw-window-handle v0.3.3
[INFO] [stderr]     Checking shared_library v0.1.9
[INFO] [stderr]     Checking rand v0.5.6
[INFO] [stderr]     Checking png v0.16.7
[INFO] [stderr]    Compiling wayland-scanner v0.23.6
[INFO] [stderr]     Checking crossbeam-deque v0.7.3
[INFO] [stderr]     Checking mio v0.6.22
[INFO] [stderr]     Checking threadpool v1.8.1
[INFO] [stderr]     Checking generic-array v0.13.2
[INFO] [stderr]     Checking approx v0.3.2
[INFO] [stderr]     Checking ordered-float v1.1.0
[INFO] [stderr]     Checking line_drawing v0.7.0
[INFO] [stderr]     Checking num-traits v0.1.43
[INFO] [stderr]     Checking num-complex v0.3.0
[INFO] [stderr]     Checking rand_core v0.5.1
[INFO] [stderr]     Checking osmesa-sys v0.1.2
[INFO] [stderr]     Checking rayon-core v1.8.0
[INFO] [stderr]     Checking parking_lot v0.10.2
[INFO] [stderr]     Checking paste v0.1.18
[INFO] [stderr]     Checking enum_primitive v0.1.1
[INFO] [stderr]     Checking num-rational v0.1.42
[INFO] [stderr]     Checking rusttype v0.8.3
[INFO] [stderr]     Checking rand_chacha v0.2.2
[INFO] [stderr]     Checking png v0.11.0
[INFO] [stderr]     Checking simba v0.2.0
[INFO] [stderr]    Compiling glutin_egl_sys v0.1.5
[INFO] [stderr]    Compiling glutin_glx_sys v0.1.7
[INFO] [stderr]    Compiling glium v0.27.0
[INFO] [stderr]     Checking mio-extras v2.0.6
[INFO] [stderr]     Checking rand v0.7.3
[INFO] [stderr]     Checking rusttype v0.7.9
[INFO] [stderr]     Checking andrew v0.2.1
[INFO] [stderr]    Compiling wayland-client v0.23.6
[INFO] [stderr]    Compiling wayland-protocols v0.23.6
[INFO] [stderr]     Checking rand_distr v0.2.2
[INFO] [stderr]     Checking num v0.3.0
[INFO] [stderr]     Checking nalgebra v0.22.0
[INFO] [stderr]     Checking calloop v0.4.4
[INFO] [stderr]     Checking wayland-commons v0.23.6
[INFO] [stderr]     Checking jpeg-decoder v0.1.20
[INFO] [stderr]     Checking image v0.18.0
[INFO] [stderr]     Checking image v0.23.9
[INFO] [stderr]    Compiling synstructure v0.12.4
[INFO] [stderr]     Checking noise v0.6.0
[INFO] [stderr]    Compiling time-macros-impl v0.1.1
[INFO] [stderr]     Checking failure v0.1.8
[INFO] [stderr]     Checking engine v0.0.0
[INFO] [stderr]     Checking time-macros v0.1.0
[INFO] [stderr]     Checking smithay-client-toolkit v0.6.6
[INFO] [stderr]     Checking winit v0.22.2
[INFO] [stderr]     Checking glutin v0.24.1
[INFO] [stderr]     Checking sansa v0.0.1 (/opt/rustwide/workdir)
[INFO] [stdout] error[E0432]: unresolved imports `noise::Brownian2`, `noise::perlin2`
[INFO] [stdout]  --> src/game.rs:3:13
[INFO] [stdout]   |
[INFO] [stdout] 3 | use noise::{Brownian2, perlin2};
[INFO] [stdout]   |             ^^^^^^^^^  ^^^^^^^
[INFO] [stdout]   |             |          |
[INFO] [stdout]   |             |          no `perlin2` in the root
[INFO] [stdout]   |             |          help: a similar name exists in the module: `Perlin`
[INFO] [stdout]   |             no `Brownian2` in the root
[INFO] [stdout] 
[INFO] [stdout] 
[INFO] [stdout] error[E0432]: unresolved imports `engine::Sprite`, `engine::Texture`, `engine::Manager`
[INFO] [stdout]  --> src/tile.rs:6:14
[INFO] [stdout]   |
[INFO] [stdout] 6 | use engine::{Sprite, Texture, Manager};
[INFO] [stdout]   |              ^^^^^^  ^^^^^^^  ^^^^^^^ no `Manager` in the root
[INFO] [stdout]   |              |       |
[INFO] [stdout]   |              |       no `Texture` in the root
[INFO] [stdout]   |              no `Sprite` in the root
[INFO] [stdout] 
[INFO] [stdout] 
[INFO] [stdout] error[E0432]: unresolved import `na::Vec2`
[INFO] [stdout]   --> src/main.rs:20:5
[INFO] [stdout]    |
[INFO] [stdout] 20 | use na::Vec2;
[INFO] [stdout]    |     ^^^^^^^^ no `Vec2` in the root
[INFO] [stdout] 
[INFO] [stdout] 
[INFO] [stdout] error[E0432]: unresolved imports `engine::Texture`, `engine::Manager`, `engine::WidgetBuilder`, `engine::Sprite`, `engine::Update`, `engine::Label`, `engine::Renderer`, `engine::Engine`, `engine::Camera`, `engine::Renderable`, `engine::EventStream`, `engine::Event`, `engine::WindowEvent`, `engine::build_display`
[INFO] [stdout]   --> src/main.rs:22:14
[INFO] [stdout]    |
[INFO] [stdout] 22 | use engine::{Texture, Manager, WidgetBuilder, Sprite, Update, Label, Renderer,
[INFO] [stdout]    |              ^^^^^^^  ^^^^^^^  ^^^^^^^^^^^^^  ^^^^^^  ^^^^^^  ^^^^^  ^^^^^^^^ no `Renderer` in the root
[INFO] [stdout]    |              |        |        |              |       |       |
[INFO] [stdout]    |              |        |        |              |       |       no `Label` in the root
[INFO] [stdout]    |              |        |        |              |       no `Update` in the root
[INFO] [stdout]    |              |        |        |              no `Sprite` in the root
[INFO] [stdout]    |              |        |        no `WidgetBuilder` in the root
[INFO] [stdout]    |              |        no `Manager` in the root
[INFO] [stdout]    |              no `Texture` in the root
[INFO] [stdout] 23 |              Engine, Camera, Renderable, EventStream, Event, WindowEvent,
[INFO] [stdout]    |              ^^^^^^  ^^^^^^  ^^^^^^^^^^  ^^^^^^^^^^^  ^^^^^  ^^^^^^^^^^^
[INFO] [stdout]    |              |       |       |
[INFO] [stdout]    |              |       |       no `Renderable` in the root
[INFO] [stdout]    |              |       no `Camera` in the root
[INFO] [stdout]    |              no `Engine` in the root
[INFO] [stdout] 24 |              build_display};
[INFO] [stdout]    |              ^^^^^^^^^^^^^
[INFO] [stdout] 
[INFO] [stdout] 
[INFO] [stdout] error[E0432]: unresolved import `engine::timer`
[INFO] [stdout]   --> src/main.rs:25:13
[INFO] [stdout]    |
[INFO] [stdout] 25 | use engine::timer::Ms;
[INFO] [stdout]    |             ^^^^^ could not find `timer` in `engine`
[INFO] [stdout] 
[INFO] [stdout] 
[INFO] [stdout] error[E0432]: unresolved import `glium::glutin::ElementState`
[INFO] [stdout]    --> src/main.rs:108:17
[INFO] [stdout]     |
[INFO] [stdout] 108 |             use glium::glutin::ElementState;
[INFO] [stdout]     |                 ^^^^^^^^^^^^^^^^^^^^^^^^^^^ no `ElementState` in `glutin`
[INFO] [stdout] 
[INFO] [stdout] 
[INFO] [stdout] error[E0432]: unresolved import `glium::glutin::VirtualKeyCode`
[INFO] [stdout]    --> src/main.rs:113:44
[INFO] [stdout]     |
[INFO] [stdout] 113 |                         use glium::glutin::VirtualKeyCode::*;
[INFO] [stdout]     |                                            ^^^^^^^^^^^^^^ could not find `VirtualKeyCode` in `glutin`
[INFO] [stdout] 
[INFO] [stdout] 
[INFO] [stdout] error[E0432]: unresolved import `na::Vec3`
[INFO] [stdout]  --> src/object.rs:1:5
[INFO] [stdout]   |
[INFO] [stdout] 1 | use na::Vec3;
[INFO] [stdout]   |     ^^^^^^^^ no `Vec3` in the root
[INFO] [stdout] 
[INFO] [stdout] 
[INFO] [stdout] error[E0432]: unresolved import `na::Vec2`
[INFO] [stdout]  --> src/tile.rs:3:5
[INFO] [stdout]   |
[INFO] [stdout] 3 | use na::Vec2;
[INFO] [stdout]   |     ^^^^^^^^ no `Vec2` in the root
[INFO] [stdout] 
[INFO] [stdout] 
[INFO] [stdout] error: cannot find macro `na` in this scope
[INFO] [stdout]   --> src/game.rs:29:49
[INFO] [stdout]    |
[INFO] [stdout] 29 |             player: Role::new(RoleKind::Player, na![x/2, y/2, 1]),
[INFO] [stdout]    |                                                 ^^
[INFO] [stdout] 
[INFO] [stdout] 
[INFO] [stdout] error: cannot find macro `na` in this scope
[INFO] [stdout]   --> src/tile.rs:25:23
[INFO] [stdout]    |
[INFO] [stdout] 25 |             Land   => na![0, 0],
[INFO] [stdout]    |                       ^^
[INFO] [stdout] 
[INFO] [stdout] 
[INFO] [stdout] error: cannot find macro `na` in this scope
[INFO] [stdout]   --> src/tile.rs:26:23
[INFO] [stdout]    |
[INFO] [stdout] 26 |             River  => na![if rand::random() {0} else {1}, 1],
[INFO] [stdout]    |                       ^^
[INFO] [stdout] 
[INFO] [stdout] 
[INFO] [stdout] error: cannot find macro `na` in this scope
[INFO] [stdout]   --> src/tile.rs:27:23
[INFO] [stdout]    |
[INFO] [stdout] 27 |             Nil    => na![0, 0],
[INFO] [stdout]    |                       ^^
[INFO] [stdout] 
[INFO] [stdout] 
[INFO] [stdout] error: cannot find macro `na` in this scope
[INFO] [stdout]   --> src/tile.rs:39:23
[INFO] [stdout]    |
[INFO] [stdout] 39 |             Player => na![0, 2],
[INFO] [stdout]    |                       ^^
[INFO] [stdout] 
[INFO] [stdout] 
[INFO] [stdout] error: cannot find macro `na` in this scope
[INFO] [stdout]   --> src/tile.rs:40:23
[INFO] [stdout]    |
[INFO] [stdout] 40 |             Enemy  => na![1, 2],
[INFO] [stdout]    |                       ^^
[INFO] [stdout] 
[INFO] [stdout] 
[INFO] [stdout] error: cannot find macro `na` in this scope
[INFO] [stdout]   --> src/tile.rs:84:20
[INFO] [stdout]    |
[INFO] [stdout] 84 |         let size = na![self.display_size, self.display_size] + self.margin;
[INFO] [stdout]    |                    ^^
[INFO] [stdout] 
[INFO] [stdout] 
[INFO] [stdout] error: cannot find macro `na` in this scope
[INFO] [stdout]   --> src/tile.rs:86:17
[INFO] [stdout]    |
[INFO] [stdout] 86 |         let x = na![a, b]*i;
[INFO] [stdout]    |                 ^^
[INFO] [stdout] 
[INFO] [stdout] 
[INFO] [stdout] error: cannot find macro `na` in this scope
[INFO] [stdout]   --> src/tile.rs:87:17
[INFO] [stdout]    |
[INFO] [stdout] 87 |         let y = na![a, -b]*-j;
[INFO] [stdout]    |                 ^^
[INFO] [stdout] 
[INFO] [stdout] 
[INFO] [stdout] error: cannot find macro `na` in this scope
[INFO] [stdout]   --> src/tile.rs:88:25
[INFO] [stdout]    |
[INFO] [stdout] 88 |         let tile_size = na![self.tile_size, self.tile_size];
[INFO] [stdout]    |                         ^^
[INFO] [stdout] 
[INFO] [stdout] 
[INFO] [stdout] error: cannot find macro `na` in this scope
[INFO] [stdout]   --> src/main.rs:92:21
[INFO] [stdout]    |
[INFO] [stdout] 92 |             .anchor(na![-1.0, -1.0])
[INFO] [stdout]    |                     ^^
[INFO] [stdout] 
[INFO] [stdout] 
[INFO] [stdout] error: cannot find macro `na` in this scope
[INFO] [stdout]    --> src/main.rs:116:34
[INFO] [stdout]     |
[INFO] [stdout] 116 | ...                   W => na![ 1,  1],
[INFO] [stdout]     |                            ^^
[INFO] [stdout] 
[INFO] [stdout] 
[INFO] [stdout] error: cannot find macro `na` in this scope
[INFO] [stdout]    --> src/main.rs:117:34
[INFO] [stdout]     |
[INFO] [stdout] 117 | ...                   S => na![-1, -1],
[INFO] [stdout]     |                            ^^
[INFO] [stdout] 
[INFO] [stdout] 
[INFO] [stdout] error: cannot find macro `na` in this scope
[INFO] [stdout]    --> src/main.rs:118:34
[INFO] [stdout]     |
[INFO] [stdout] 118 | ...                   A => na![-1,  1],
[INFO] [stdout]     |                            ^^
[INFO] [stdout] 
[INFO] [stdout] 
[INFO] [stdout] error: cannot find macro `na` in this scope
[INFO] [stdout]    --> src/main.rs:119:34
[INFO] [stdout]     |
[INFO] [stdout] 119 | ...                   D => na![ 1, -1],
[INFO] [stdout]     |                            ^^
[INFO] [stdout] 
[INFO] [stdout] 
[INFO] [stdout] error: cannot find macro `na` in this scope
[INFO] [stdout]    --> src/main.rs:120:34
[INFO] [stdout]     |
[INFO] [stdout] 120 | ...                   Q => na![ 0,  1],
[INFO] [stdout]     |                            ^^
[INFO] [stdout] 
[INFO] [stdout] 
[INFO] [stdout] error: cannot find macro `na` in this scope
[INFO] [stdout]    --> src/main.rs:121:34
[INFO] [stdout]     |
[INFO] [stdout] 121 | ...                   E => na![ 1,  0],
[INFO] [stdout]     |                            ^^
[INFO] [stdout] 
[INFO] [stdout] 
[INFO] [stdout] error: cannot find macro `na` in this scope
[INFO] [stdout]    --> src/main.rs:122:34
[INFO] [stdout]     |
[INFO] [stdout] 122 | ...                   Z => na![-1,  0],
[INFO] [stdout]     |                            ^^
[INFO] [stdout] 
[INFO] [stdout] 
[INFO] [stdout] error: cannot find macro `na` in this scope
[INFO] [stdout]    --> src/main.rs:123:34
[INFO] [stdout]     |
[INFO] [stdout] 123 | ...                   X => na![ 0, -1],
[INFO] [stdout]     |                            ^^
[INFO] [stdout] 
[INFO] [stdout] 
[INFO] [stdout] error: cannot find macro `na` in this scope
[INFO] [stdout]    --> src/main.rs:124:34
[INFO] [stdout]     |
[INFO] [stdout] 124 | ...                   _ => na![ 0,  0],
[INFO] [stdout]     |                            ^^
[INFO] [stdout] 
[INFO] [stdout] 
[INFO] [stdout] error: cannot find macro `na` in this scope
[INFO] [stdout]    --> src/main.rs:142:37
[INFO] [stdout]     |
[INFO] [stdout] 142 |                         ( 0,  0) => na![ 0,  0],
[INFO] [stdout]     |                                     ^^
[INFO] [stdout] 
[INFO] [stdout] 
[INFO] [stdout] error: cannot find macro `na` in this scope
[INFO] [stdout]    --> src/main.rs:143:37
[INFO] [stdout]     |
[INFO] [stdout] 143 |                         ( 1,  1) => na![ 0,  v],
[INFO] [stdout]     |                                     ^^
[INFO] [stdout] 
[INFO] [stdout] 
[INFO] [stdout] error: cannot find macro `na` in this scope
[INFO] [stdout]    --> src/main.rs:144:37
[INFO] [stdout]     |
[INFO] [stdout] 144 |                         (-1, -1) => na![ 0, -v],
[INFO] [stdout]     |                                     ^^
[INFO] [stdout] 
[INFO] [stdout] 
[INFO] [stdout] error: cannot find macro `na` in this scope
[INFO] [stdout]    --> src/main.rs:145:37
[INFO] [stdout]     |
[INFO] [stdout] 145 |                         (-1,  1) => na![-h,  0],
[INFO] [stdout]     |                                     ^^
[INFO] [stdout] 
[INFO] [stdout] 
[INFO] [stdout] error: cannot find macro `na` in this scope
[INFO] [stdout]    --> src/main.rs:146:37
[INFO] [stdout]     |
[INFO] [stdout] 146 |                         ( 1, -1) => na![ h,  0],
[INFO] [stdout]     |                                     ^^
[INFO] [stdout] 
[INFO] [stdout] 
[INFO] [stdout] error: cannot find macro `na` in this scope
[INFO] [stdout]    --> src/main.rs:147:37
[INFO] [stdout]     |
[INFO] [stdout] 147 |                         ( 0,  1) => na![-h/2,  v/2],
[INFO] [stdout]     |                                     ^^
[INFO] [stdout] 
[INFO] [stdout] 
[INFO] [stdout] error: cannot find macro `na` in this scope
[INFO] [stdout]    --> src/main.rs:148:37
[INFO] [stdout]     |
[INFO] [stdout] 148 |                         ( 1,  0) => na![ h/2,  v/2],
[INFO] [stdout]     |                                     ^^
[INFO] [stdout] 
[INFO] [stdout] 
[INFO] [stdout] error: cannot find macro `na` in this scope
[INFO] [stdout]    --> src/main.rs:149:37
[INFO] [stdout]     |
[INFO] [stdout] 149 |                         (-1,  0) => na![-h/2, -v/2],
[INFO] [stdout]     |                                     ^^
[INFO] [stdout] 
[INFO] [stdout] 
[INFO] [stdout] error: cannot find macro `na` in this scope
[INFO] [stdout]    --> src/main.rs:150:37
[INFO] [stdout]     |
[INFO] [stdout] 150 |                         ( 0, -1) => na![ h/2, -v/2],
[INFO] [stdout]     |                                     ^^
[INFO] [stdout] 
[INFO] [stdout] 
[INFO] [stdout] error[E0432]: unresolved imports `noise::Brownian2`, `noise::perlin2`
[INFO] [stdout]  --> src/game.rs:3:13
[INFO] [stdout]   |
[INFO] [stdout] 3 | use noise::{Brownian2, perlin2};
[INFO] [stdout]   |             ^^^^^^^^^  ^^^^^^^
[INFO] [stdout]   |             |          |
[INFO] [stdout]   |             |          no `perlin2` in the root
[INFO] [stdout]   |             |          help: a similar name exists in the module: `Perlin`
[INFO] [stdout]   |             no `Brownian2` in the root
[INFO] [stdout] 
[INFO] [stdout] 
[INFO] [stdout] error[E0432]: unresolved imports `engine::Sprite`, `engine::Texture`, `engine::Manager`
[INFO] [stdout]  --> src/tile.rs:6:14
[INFO] [stdout]   |
[INFO] [stdout] 6 | use engine::{Sprite, Texture, Manager};
[INFO] [stdout]   |              ^^^^^^  ^^^^^^^  ^^^^^^^ no `Manager` in the root
[INFO] [stdout]   |              |       |
[INFO] [stdout]   |              |       no `Texture` in the root
[INFO] [stdout]   |              no `Sprite` in the root
[INFO] [stdout] 
[INFO] [stdout] 
[INFO] [stdout] error[E0432]: unresolved import `na::Vec2`
[INFO] [stdout]   --> src/main.rs:20:5
[INFO] [stdout]    |
[INFO] [stdout] 20 | use na::Vec2;
[INFO] [stdout]    |     ^^^^^^^^ no `Vec2` in the root
[INFO] [stdout] 
[INFO] [stdout] 
[INFO] [stdout] error[E0432]: unresolved imports `engine::Texture`, `engine::Manager`, `engine::WidgetBuilder`, `engine::Sprite`, `engine::Update`, `engine::Label`, `engine::Renderer`, `engine::Engine`, `engine::Camera`, `engine::Renderable`, `engine::EventStream`, `engine::Event`, `engine::WindowEvent`, `engine::build_display`
[INFO] [stdout]   --> src/main.rs:22:14
[INFO] [stdout]    |
[INFO] [stdout] 22 | use engine::{Texture, Manager, WidgetBuilder, Sprite, Update, Label, Renderer,
[INFO] [stdout]    |              ^^^^^^^  ^^^^^^^  ^^^^^^^^^^^^^  ^^^^^^  ^^^^^^  ^^^^^  ^^^^^^^^ no `Renderer` in the root
[INFO] [stdout]    |              |        |        |              |       |       |
[INFO] [stdout]    |              |        |        |              |       |       no `Label` in the root
[INFO] [stdout]    |              |        |        |              |       no `Update` in the root
[INFO] [stdout]    |              |        |        |              no `Sprite` in the root
[INFO] [stdout]    |              |        |        no `WidgetBuilder` in the root
[INFO] [stdout]    |              |        no `Manager` in the root
[INFO] [stdout]    |              no `Texture` in the root
[INFO] [stdout] 23 |              Engine, Camera, Renderable, EventStream, Event, WindowEvent,
[INFO] [stdout]    |              ^^^^^^  ^^^^^^  ^^^^^^^^^^  ^^^^^^^^^^^  ^^^^^  ^^^^^^^^^^^
[INFO] [stdout]    |              |       |       |
[INFO] [stdout]    |              |       |       no `Renderable` in the root
[INFO] [stdout]    |              |       no `Camera` in the root
[INFO] [stdout]    |              no `Engine` in the root
[INFO] [stdout] 24 |              build_display};
[INFO] [stdout]    |              ^^^^^^^^^^^^^
[INFO] [stdout] 
[INFO] [stdout] 
[INFO] [stdout] error[E0432]: unresolved import `engine::timer`
[INFO] [stdout]   --> src/main.rs:25:13
[INFO] [stdout]    |
[INFO] [stdout] 25 | use engine::timer::Ms;
[INFO] [stdout]    |             ^^^^^ could not find `timer` in `engine`
[INFO] [stdout] 
[INFO] [stdout] 
[INFO] [stdout] error[E0432]: unresolved import `glium::glutin::ElementState`
[INFO] [stdout]    --> src/main.rs:108:17
[INFO] [stdout]     |
[INFO] [stdout] 108 |             use glium::glutin::ElementState;
[INFO] [stdout]     |                 ^^^^^^^^^^^^^^^^^^^^^^^^^^^ no `ElementState` in `glutin`
[INFO] [stdout] 
[INFO] [stdout] 
[INFO] [stdout] error[E0432]: unresolved import `glium::glutin::VirtualKeyCode`
[INFO] [stdout]    --> src/main.rs:113:44
[INFO] [stdout]     |
[INFO] [stdout] 113 |                         use glium::glutin::VirtualKeyCode::*;
[INFO] [stdout]     |                                            ^^^^^^^^^^^^^^ could not find `VirtualKeyCode` in `glutin`
[INFO] [stdout] 
[INFO] [stdout] 
[INFO] [stdout] error[E0432]: unresolved import `na::Vec3`
[INFO] [stdout]  --> src/object.rs:1:5
[INFO] [stdout]   |
[INFO] [stdout] 1 | use na::Vec3;
[INFO] [stdout]   |     ^^^^^^^^ no `Vec3` in the root
[INFO] [stdout] 
[INFO] [stdout] 
[INFO] [stdout] error[E0432]: unresolved import `na::Vec2`
[INFO] [stdout]  --> src/tile.rs:3:5
[INFO] [stdout]   |
[INFO] [stdout] 3 | use na::Vec2;
[INFO] [stdout]   |     ^^^^^^^^ no `Vec2` in the root
[INFO] [stdout] 
[INFO] [stdout] 
[INFO] [stdout] error: cannot find macro `na` in this scope
[INFO] [stdout]   --> src/game.rs:29:49
[INFO] [stdout]    |
[INFO] [stdout] 29 |             player: Role::new(RoleKind::Player, na![x/2, y/2, 1]),
[INFO] [stdout]    |                                                 ^^
[INFO] [stdout] 
[INFO] [stdout] 
[INFO] [stdout] error: cannot find macro `na` in this scope
[INFO] [stdout]   --> src/tile.rs:25:23
[INFO] [stdout]    |
[INFO] [stdout] 25 |             Land   => na![0, 0],
[INFO] [stdout]    |                       ^^
[INFO] [stdout] 
[INFO] [stdout] 
[INFO] [stdout] error: cannot find macro `na` in this scope
[INFO] [stdout]   --> src/tile.rs:26:23
[INFO] [stdout]    |
[INFO] [stdout] 26 |             River  => na![if rand::random() {0} else {1}, 1],
[INFO] [stdout]    |                       ^^
[INFO] [stdout] 
[INFO] [stdout] 
[INFO] [stdout] error: cannot find macro `na` in this scope
[INFO] [stdout]   --> src/tile.rs:27:23
[INFO] [stdout]    |
[INFO] [stdout] 27 |             Nil    => na![0, 0],
[INFO] [stdout]    |                       ^^
[INFO] [stdout] 
[INFO] [stdout] 
[INFO] [stdout] error: cannot find macro `na` in this scope
[INFO] [stdout]   --> src/tile.rs:39:23
[INFO] [stdout]    |
[INFO] [stdout] 39 |             Player => na![0, 2],
[INFO] [stdout]    |                       ^^
[INFO] [stdout] 
[INFO] [stdout] 
[INFO] [stdout] error: cannot find macro `na` in this scope
[INFO] [stdout]   --> src/tile.rs:40:23
[INFO] [stdout]    |
[INFO] [stdout] 40 |             Enemy  => na![1, 2],
[INFO] [stdout]    |                       ^^
[INFO] [stdout] 
[INFO] [stdout] 
[INFO] [stdout] error: cannot find macro `na` in this scope
[INFO] [stdout]   --> src/tile.rs:84:20
[INFO] [stdout]    |
[INFO] [stdout] 84 |         let size = na![self.display_size, self.display_size] + self.margin;
[INFO] [stdout]    |                    ^^
[INFO] [stdout] 
[INFO] [stdout] 
[INFO] [stdout] error: cannot find macro `na` in this scope
[INFO] [stdout]   --> src/tile.rs:86:17
[INFO] [stdout]    |
[INFO] [stdout] 86 |         let x = na![a, b]*i;
[INFO] [stdout]    |                 ^^
[INFO] [stdout] 
[INFO] [stdout] 
[INFO] [stdout] error: cannot find macro `na` in this scope
[INFO] [stdout]   --> src/tile.rs:87:17
[INFO] [stdout]    |
[INFO] [stdout] 87 |         let y = na![a, -b]*-j;
[INFO] [stdout]    |                 ^^
[INFO] [stdout] 
[INFO] [stdout] 
[INFO] [stdout] error: cannot find macro `na` in this scope
[INFO] [stdout]   --> src/tile.rs:88:25
[INFO] [stdout]    |
[INFO] [stdout] 88 |         let tile_size = na![self.tile_size, self.tile_size];
[INFO] [stdout]    |                         ^^
[INFO] [stdout] 
[INFO] [stdout] 
[INFO] [stdout] error: cannot find macro `na` in this scope
[INFO] [stdout]   --> src/main.rs:92:21
[INFO] [stdout]    |
[INFO] [stdout] 92 |             .anchor(na![-1.0, -1.0])
[INFO] [stdout]    |                     ^^
[INFO] [stdout] 
[INFO] [stdout] 
[INFO] [stdout] error: cannot find macro `na` in this scope
[INFO] [stdout]    --> src/main.rs:116:34
[INFO] [stdout]     |
[INFO] [stdout] 116 | ...                   W => na![ 1,  1],
[INFO] [stdout]     |                            ^^
[INFO] [stdout] 
[INFO] [stdout] 
[INFO] [stdout] error: cannot find macro `na` in this scope
[INFO] [stdout]    --> src/main.rs:117:34
[INFO] [stdout]     |
[INFO] [stdout] 117 | ...                   S => na![-1, -1],
[INFO] [stdout]     |                            ^^
[INFO] [stdout] 
[INFO] [stdout] 
[INFO] [stdout] error: cannot find macro `na` in this scope
[INFO] [stdout]    --> src/main.rs:118:34
[INFO] [stdout]     |
[INFO] [stdout] 118 | ...                   A => na![-1,  1],
[INFO] [stdout]     |                            ^^
[INFO] [stdout] 
[INFO] [stdout] 
[INFO] [stdout] error: cannot find macro `na` in this scope
[INFO] [stdout]    --> src/main.rs:119:34
[INFO] [stdout]     |
[INFO] [stdout] 119 | ...                   D => na![ 1, -1],
[INFO] [stdout]     |                            ^^
[INFO] [stdout] 
[INFO] [stdout] 
[INFO] [stdout] error: cannot find macro `na` in this scope
[INFO] [stdout]    --> src/main.rs:120:34
[INFO] [stdout]     |
[INFO] [stdout] 120 | ...                   Q => na![ 0,  1],
[INFO] [stdout]     |                            ^^
[INFO] [stdout] 
[INFO] [stdout] 
[INFO] [stdout] error: cannot find macro `na` in this scope
[INFO] [stdout]    --> src/main.rs:121:34
[INFO] [stdout]     |
[INFO] [stdout] 121 | ...                   E => na![ 1,  0],
[INFO] [stdout]     |                            ^^
[INFO] [stdout] 
[INFO] [stdout] 
[INFO] [stdout] error: cannot find macro `na` in this scope
[INFO] [stdout]    --> src/main.rs:122:34
[INFO] [stdout]     |
[INFO] [stdout] 122 | ...                   Z => na![-1,  0],
[INFO] [stdout]     |                            ^^
[INFO] [stdout] 
[INFO] [stdout] 
[INFO] [stdout] error: cannot find macro `na` in this scope
[INFO] [stdout]    --> src/main.rs:123:34
[INFO] [stdout]     |
[INFO] [stdout] 123 | ...                   X => na![ 0, -1],
[INFO] [stdout]     |                            ^^
[INFO] [stdout] 
[INFO] [stdout] 
[INFO] [stdout] error: cannot find macro `na` in this scope
[INFO] [stdout]    --> src/main.rs:124:34
[INFO] [stdout]     |
[INFO] [stdout] 124 | ...                   _ => na![ 0,  0],
[INFO] [stdout]     |                            ^^
[INFO] [stdout] 
[INFO] [stdout] 
[INFO] [stdout] error: cannot find macro `na` in this scope
[INFO] [stdout]    --> src/main.rs:142:37
[INFO] [stdout]     |
[INFO] [stdout] 142 |                         ( 0,  0) => na![ 0,  0],
[INFO] [stdout]     |                                     ^^
[INFO] [stdout] 
[INFO] [stdout] 
[INFO] [stdout] error: cannot find macro `na` in this scope
[INFO] [stdout]    --> src/main.rs:143:37
[INFO] [stdout]     |
[INFO] [stdout] 143 |                         ( 1,  1) => na![ 0,  v],
[INFO] [stdout]     |                                     ^^
[INFO] [stdout] 
[INFO] [stdout] 
[INFO] [stdout] error: cannot find macro `na` in this scope
[INFO] [stdout]    --> src/main.rs:144:37
[INFO] [stdout]     |
[INFO] [stdout] 144 |                         (-1, -1) => na![ 0, -v],
[INFO] [stdout]     |                                     ^^
[INFO] [stdout] 
[INFO] [stdout] 
[INFO] [stdout] error: cannot find macro `na` in this scope
[INFO] [stdout]    --> src/main.rs:145:37
[INFO] [stdout]     |
[INFO] [stdout] 145 |                         (-1,  1) => na![-h,  0],
[INFO] [stdout]     |                                     ^^
[INFO] [stdout] 
[INFO] [stdout] 
[INFO] [stdout] error: cannot find macro `na` in this scope
[INFO] [stdout]    --> src/main.rs:146:37
[INFO] [stdout]     |
[INFO] [stdout] 146 |                         ( 1, -1) => na![ h,  0],
[INFO] [stdout]     |                                     ^^
[INFO] [stdout] 
[INFO] [stdout] 
[INFO] [stdout] error: cannot find macro `na` in this scope
[INFO] [stdout]    --> src/main.rs:147:37
[INFO] [stdout]     |
[INFO] [stdout] 147 |                         ( 0,  1) => na![-h/2,  v/2],
[INFO] [stdout]     |                                     ^^
[INFO] [stdout] 
[INFO] [stdout] 
[INFO] [stdout] error: cannot find macro `na` in this scope
[INFO] [stdout]    --> src/main.rs:148:37
[INFO] [stdout]     |
[INFO] [stdout] 148 |                         ( 1,  0) => na![ h/2,  v/2],
[INFO] [stdout]     |                                     ^^
[INFO] [stdout] 
[INFO] [stdout] 
[INFO] [stdout] error: cannot find macro `na` in this scope
[INFO] [stdout]    --> src/main.rs:149:37
[INFO] [stdout]     |
[INFO] [stdout] 149 |                         (-1,  0) => na![-h/2, -v/2],
[INFO] [stdout]     |                                     ^^
[INFO] [stdout] 
[INFO] [stdout] 
[INFO] [stdout] error: cannot find macro `na` in this scope
[INFO] [stdout]    --> src/main.rs:150:37
[INFO] [stdout]     |
[INFO] [stdout] 150 |                         ( 0, -1) => na![ h/2, -v/2],
[INFO] [stdout]     |                                     ^^
[INFO] [stdout] 
[INFO] [stdout] 
[INFO] [stdout] error[E0433]: failed to resolve: could not find `text` in `engine`
[INFO] [stdout]   --> src/main.rs:89:30
[INFO] [stdout]    |
[INFO] [stdout] 89 |     let text_style = engine::text::TextStyle::new(env.font.clone());
[INFO] [stdout]    |                              ^^^^ could not find `text` in `engine`
[INFO] [stdout] 
[INFO] [stdout] 
[INFO] [stdout] error[E0433]: failed to resolve: could not find `text` in `engine`
[INFO] [stdout]   --> src/main.rs:90:29
[INFO] [stdout]    |
[INFO] [stdout] 90 |     let fps_style = engine::text::TextStyle::new(env.font.clone());
[INFO] [stdout]    |                             ^^^^ could not find `text` in `engine`
[INFO] [stdout] 
[INFO] [stdout] 
[INFO] [stdout] error[E0425]: cannot find function `cast` in crate `na`
[INFO] [stdout]   --> src/tile.rs:90:27
[INFO] [stdout]    |
[INFO] [stdout] 90 |             .position(na::cast(x+y))
[INFO] [stdout]    |                           ^^^^ not found in `na`
[INFO] [stdout]    |
[INFO] [stdout] help: consider importing this function
[INFO] [stdout]    |
[INFO] [stdout] 1  | use num::cast;
[INFO] [stdout]    |
[INFO] [stdout] 
[INFO] [stdout] 
[INFO] [stdout] error[E0425]: cannot find function `cast` in crate `na`
[INFO] [stdout]    --> src/main.rs:141:54
[INFO] [stdout]     |
[INFO] [stdout] 141 |                     game_camera.move_(turn_time, na::cast(match offset {
[INFO] [stdout]     |                                                      ^^^^ not found in `na`
[INFO] [stdout]     |
[INFO] [stdout] help: consider importing this function
[INFO] [stdout]     |
[INFO] [stdout] 18  | use num::cast;
[INFO] [stdout]     |
[INFO] [stdout] 
[INFO] [stdout] 
[INFO] [stdout] warning: unused `#[macro_use]` import
[INFO] [stdout]  --> src/main.rs:2:1
[INFO] [stdout]   |
[INFO] [stdout] 2 | #[macro_use]
[INFO] [stdout]   | ^^^^^^^^^^^^
[INFO] [stdout]   |
[INFO] [stdout]   = note: `#[warn(unused_imports)]` on by default
[INFO] [stdout] 
[INFO] [stdout] 
[INFO] [stdout] warning: unused `#[macro_use]` import
[INFO] [stdout]   --> src/main.rs:11:1
[INFO] [stdout]    |
[INFO] [stdout] 11 | #[macro_use]
[INFO] [stdout]    | ^^^^^^^^^^^^
[INFO] [stdout] 
[INFO] [stdout] 
[INFO] [stdout] warning: unused import: `self::Block::*`
[INFO] [stdout]  --> src/object.rs:3:5
[INFO] [stdout]   |
[INFO] [stdout] 3 | use self::Block::*;
[INFO] [stdout]   |     ^^^^^^^^^^^^^^
[INFO] [stdout] 
[INFO] [stdout] 
[INFO] [stdout] warning: unused import: `rand`
[INFO] [stdout]  --> src/tile.rs:4:5
[INFO] [stdout]   |
[INFO] [stdout] 4 | use rand;
[INFO] [stdout]   |     ^^^^
[INFO] [stdout] 
[INFO] [stdout] 
[INFO] [stdout] error: extern crate `nalgebra` is private, and cannot be re-exported (error E0365), consider declaring with `pub`
[INFO] [stdout]   --> src/main.rs:18:9
[INFO] [stdout]    |
[INFO] [stdout] 18 | pub use nalgebra as na;
[INFO] [stdout]    |         ^^^^^^^^^^^^^^
[INFO] [stdout]    |
[INFO] [stdout]    = note: `#[deny(pub_use_of_private_extern_crate)]` on by default
[INFO] [stdout]    = warning: this was previously accepted by the compiler but is being phased out; it will become a hard error in a future release!
[INFO] [stdout]    = note: for more information, see issue #34537 <https://github.com/rust-lang/rust/issues/34537>
[INFO] [stdout] 
[INFO] [stdout] 
[INFO] [stdout] error[E0433]: failed to resolve: could not find `text` in `engine`
[INFO] [stdout]   --> src/main.rs:89:30
[INFO] [stdout]    |
[INFO] [stdout] 89 |     let text_style = engine::text::TextStyle::new(env.font.clone());
[INFO] [stdout]    |                              ^^^^ could not find `text` in `engine`
[INFO] [stdout] 
[INFO] [stdout] 
[INFO] [stdout] error[E0433]: failed to resolve: could not find `text` in `engine`
[INFO] [stdout]   --> src/main.rs:90:29
[INFO] [stdout]    |
[INFO] [stdout] 90 |     let fps_style = engine::text::TextStyle::new(env.font.clone());
[INFO] [stdout]    |                             ^^^^ could not find `text` in `engine`
[INFO] [stdout] 
[INFO] [stdout] 
[INFO] [stdout] error[E0425]: cannot find function `cast` in crate `na`
[INFO] [stdout]   --> src/tile.rs:90:27
[INFO] [stdout]    |
[INFO] [stdout] 90 |             .position(na::cast(x+y))
[INFO] [stdout]    |                           ^^^^ not found in `na`
[INFO] [stdout]    |
[INFO] [stdout] help: consider importing this function
[INFO] [stdout]    |
[INFO] [stdout] 1  | use num::cast;
[INFO] [stdout]    |
[INFO] [stdout] 
[INFO] [stdout] 
[INFO] [stdout] error[E0425]: cannot find function `cast` in crate `na`
[INFO] [stdout]    --> src/main.rs:141:54
[INFO] [stdout]     |
[INFO] [stdout] 141 |                     game_camera.move_(turn_time, na::cast(match offset {
[INFO] [stdout]     |                                                      ^^^^ not found in `na`
[INFO] [stdout]     |
[INFO] [stdout] help: consider importing this function
[INFO] [stdout]     |
[INFO] [stdout] 18  | use num::cast;
[INFO] [stdout]     |
[INFO] [stdout] 
[INFO] [stdout] 
[INFO] [stdout] warning: unused `#[macro_use]` import
[INFO] [stdout]  --> src/main.rs:2:1
[INFO] [stdout]   |
[INFO] [stdout] 2 | #[macro_use]
[INFO] [stdout]   | ^^^^^^^^^^^^
[INFO] [stdout]   |
[INFO] [stdout]   = note: `#[warn(unused_imports)]` on by default
[INFO] [stdout] 
[INFO] [stdout] 
[INFO] [stdout] warning: unused `#[macro_use]` import
[INFO] [stdout]   --> src/main.rs:11:1
[INFO] [stdout]    |
[INFO] [stdout] 11 | #[macro_use]
[INFO] [stdout]    | ^^^^^^^^^^^^
[INFO] [stdout] 
[INFO] [stdout] 
[INFO] [stdout] warning: unused import: `self::Block::*`
[INFO] [stdout]  --> src/object.rs:3:5
[INFO] [stdout]   |
[INFO] [stdout] 3 | use self::Block::*;
[INFO] [stdout]   |     ^^^^^^^^^^^^^^
[INFO] [stdout] 
[INFO] [stdout] 
[INFO] [stdout] warning: unused import: `rand`
[INFO] [stdout]  --> src/tile.rs:4:5
[INFO] [stdout]   |
[INFO] [stdout] 4 | use rand;
[INFO] [stdout]   |     ^^^^
[INFO] [stdout] 
[INFO] [stdout] 
[INFO] [stdout] error: extern crate `nalgebra` is private, and cannot be re-exported (error E0365), consider declaring with `pub`
[INFO] [stdout]   --> src/main.rs:18:9
[INFO] [stdout]    |
[INFO] [stdout] 18 | pub use nalgebra as na;
[INFO] [stdout]    |         ^^^^^^^^^^^^^^
[INFO] [stdout]    |
[INFO] [stdout]    = note: `#[deny(pub_use_of_private_extern_crate)]` on by default
[INFO] [stdout]    = warning: this was previously accepted by the compiler but is being phased out; it will become a hard error in a future release!
[INFO] [stdout]    = note: for more information, see issue #34537 <https://github.com/rust-lang/rust/issues/34537>
[INFO] [stdout] 
[INFO] [stdout] 
[INFO] [stdout] warning: use of deprecated function `std::thread::sleep_ms`: replaced by `std::thread::sleep`
[INFO] [stdout]   --> src/main.rs:63:9
[INFO] [stdout]    |
[INFO] [stdout] 63 |         std::thread::sleep_ms(5);
[INFO] [stdout]    |         ^^^^^^^^^^^^^^^^^^^^^
[INFO] [stdout]    |
[INFO] [stdout]    = note: `#[warn(deprecated)]` on by default
[INFO] [stdout] 
[INFO] [stdout] 
[INFO] [stdout] warning: use of deprecated function `std::thread::sleep_ms`: replaced by `std::thread::sleep`
[INFO] [stdout]   --> src/main.rs:63:9
[INFO] [stdout]    |
[INFO] [stdout] 63 |         std::thread::sleep_ms(5);
[INFO] [stdout]    |         ^^^^^^^^^^^^^^^^^^^^^
[INFO] [stdout]    |
[INFO] [stdout]    = note: `#[warn(deprecated)]` on by default
[INFO] [stdout] 
[INFO] [stdout] 
[INFO] [stdout] warning: unused import: `Surface`
[INFO] [stdout]   --> src/main.rs:21:22
[INFO] [stdout]    |
[INFO] [stdout] 21 | use glium::{Display, Surface};
[INFO] [stdout]    |                      ^^^^^^^
[INFO] [stdout] 
[INFO] [stdout] 
[INFO] [stdout] warning: unused import: `Surface`
[INFO] [stdout]   --> src/main.rs:21:22
[INFO] [stdout]    |
[INFO] [stdout] 21 | use glium::{Display, Surface};
[INFO] [stdout]    |                      ^^^^^^^
[INFO] [stdout] 
[INFO] [stdout] 
[INFO] [stdout] error: aborting due to 43 previous errors; 6 warnings emitted
[INFO] [stdout] 
[INFO] [stdout] 
[INFO] [stdout] Some errors have detailed explanations: E0425, E0432, E0433.
[INFO] [stdout] 
[INFO] [stdout] For more information about an error, try `rustc --explain E0425`.
[INFO] [stdout] 
[INFO] [stdout] error: aborting due to 43 previous errors; 6 warnings emitted
[INFO] [stdout] 
[INFO] [stdout] 
[INFO] [stdout] Some errors have detailed explanations: E0425, E0432, E0433.
[INFO] [stdout] 
[INFO] [stdout] For more information about an error, try `rustc --explain E0425`.
[INFO] [stdout] 
[INFO] [stderr] error: could not compile `sansa`.
[INFO] [stderr] 
[INFO] [stderr] To learn more, run the command again with --verbose.
[INFO] [stderr] warning: build failed, waiting for other jobs to finish...
[INFO] [stderr] error: build failed
[INFO] running `Command { std: "docker" "inspect" "751bc0e11e42561668f41f868cb3b006f07e1b9fd452ab751eef64e769417871", kill_on_drop: false }`
[INFO] running `Command { std: "docker" "rm" "-f" "751bc0e11e42561668f41f868cb3b006f07e1b9fd452ab751eef64e769417871", kill_on_drop: false }`
[INFO] [stdout] 751bc0e11e42561668f41f868cb3b006f07e1b9fd452ab751eef64e769417871
